be g(-71). Calculate the highest common factor of t and 2200.
88
Let p be (51/15 + -5)/(3/(-195)). What is the highest common factor of 52 and p?
52
Let k(t) = -t**2 + 35*t + 31. Let w be k(17). Let j = w + -189. What is the greatest common factor of j and 185?
37
Suppose 2 + 2 = 2*a. Suppose 4*x = -a*v + 676, -4*x + 8*x = 0. What is the highest common divisor of 78 and v?
26
Let h = 2708 - 2420. Suppose 0*c - 540 = -5*c. Suppose c = 3*l + 2*y, -y = 5*l - 98 - 82. What is the greatest common divisor of h and l?
36
Let c(j) = 1628*j - 692. Let f be c(10). Calculate the highest common divisor of 108 and f.
36
Suppose -423*c - 130*c + 17722 = -24859. Calculate the highest common divisor of 49357 and c.
77
Let s be 9 - (15 + (-3 - 1368)). What is the highest common factor of s and 130?
65
Let o = 1193 + -1021. Calculate the greatest common divisor of o and 430.
86
Suppose -36*j = -31 + 114 - 839. What is the greatest common divisor of j and 111?
3
Let x be 399/76 - 1/4. Suppose -693 = -x*u + 2*u. Suppose 0 = 6*j - u + 33. Calculate the greatest common factor of 22 and j.
11
Let c = -36 - -42. Suppose -2*q = 3*j - 18, 0*j - c = -3*j. Let b be 32/q*(-3)/(-4). What is the greatest common factor of b and 20?
4
Let f(b) = b**3 - 9*b**2 - 21*b + 22. Let x be f(11). Calculate the greatest common divisor of x and 15543.
33
Let d be -67 + 73 - 1/(2/(-384)). What is the highest common factor of d and 22?
22
Let g = -13 + 74. Let d(y) = y**3 - 59*y**2 - 122*y + 2. Let o be d(g). Let b = 21 + -13. Calculate the greatest common divisor of b and o.
2
Suppose -224 = -p + 2*a, 0 = 3*p + 219*a - 223*a - 688. Calculate the highest common factor of 53520 and p.
240
Suppose -2*s + 37 + 6038 = l, -5*l + 9137 = 3*s. Calculate the greatest common divisor of s and 814.
74
Let q = 37235 + -34885. Calculate the highest common divisor of q and 550.
50
Let c(x) = -x**2 + x + 18. Let l be c(0). Let p = -341 + 650. Let i = -255 + p. What is the greatest common factor of l and i?
18
Let f(k) = k**2 - 4*k - 6. Let h be f(-3). Let v be ((-5)/h*2)/(4/(-306)). Calculate the greatest common divisor of 136 and v.
17
Let n(i) = 20*i**2 - 105*i + 484. Let c be n(5). What is the greatest common factor of 351 and c?
27
Let u = 50 + -48. Let l(i) = 137*i - 2. Let p be l(u). What is the greatest common factor of p and 16?
16
Let j(b) = 3*b**2 + 172*b + 865. Let f be j(-5). Let z = 69 - 9. Calculate the highest common divisor of z and f.
20
Let k = 261 + -254. Let t be (3 + -3)/k - -38. Calculate the greatest common factor of t and 798.
38
Suppose -4*k - 3*s + 158 = -19, 250 = 5*k - 2*s. Let r(o) = -o - 1. Let w be r(-3). Suppose -240 = -0*x - w*x. Calculate the highest common divisor of k and x.
24
Suppose 4*c = 5*b - 171, -71 + 5 = -2*b + c. Suppose b*n + 7923 = 29499. Calculate the greatest common divisor of 24 and n.
24
Suppose 5*p = 9*p - 12. Suppose -p*a + 18 = -y, 0 = 4*y - 5*y. What is the highest common factor of 39 and a?
3
Suppose -2*c = -5*n + 2*n - 372, -c + n + 186 = 0. Let t = 342 - c. Calculate the highest common divisor of t and 12.
12
Suppose -4*y = 5*p - 208, 65 + 4 = y - 3*p. Let i = 125 - y. Calculate the highest common divisor of i and 408.
68
Let g be 2603 - ((-70)/105)/((8/(-6))/(-2)). What is the greatest common divisor of 392 and g?
28
Let l(s) = -s**2 + 13*s - 33. Let m be l(8). Let g = -133 + 308. What is the greatest common divisor of g and m?
7
Let x be (-1 + 0)*25*-3. Let f(y) = -y**2 + 51*y - 115. Let l be f(49). Let v = l - -32. Calculate the highest common factor of x and v.
15
Suppose -25*o - 14624 = -59174. Calculate the highest common factor of o and 22.
22
Suppose 4*i + 4 = 0, 213*v - 215*v + 35 = -5*i. Suppose l = -2*g - l + 28, -2*l + 4 = 0. Let u = g + 23. Calculate the highest common factor of u and v.
5
Let i be (-95)/95 - (-1053 - 2). Let y be ((-93)/2)/((-15)/20). What is the highest common factor of y and i?
62
Let a(y) = -y**3 - y**2 - 14*y - 18. Let r be a(-8). Let o be (r - (-1 - -5)) + 4. Suppose o = 6*h - 238. Calculate the greatest common divisor of h and 10.
10
Suppose 0 = 6*y - 55*y + 10388. What is the highest common divisor of y and 16960?
212
Let h(r) = 3212*r + 269. Let v be h(1). Calculate the highest common divisor of 59 and v.
59
Suppose 11*u - 5*u - 40824 = 0. Suppose 2*j - u = -5*j. Let c be j/21 - -4 - (-4)/(-14). Calculate the highest common factor of 10 and c.
10
Suppose 3*b = -b + 76. Suppose 294 = f + 3*x, -f + 17*x + 282 = 16*x. What is the greatest common factor of f and b?
19
Let i(t) = t**3 - 20*t**2 + 38*t - 326. Let k be i(19). Let g = 10 - 4. Suppose g*s - 13*s = -k. What is the greatest common factor of s and 5?
5
Let r = 2227 - -625. Calculate the greatest common divisor of r and 248.
124
Let w be (-217)/14*((-12)/(-24))/((-1)/8). What is the greatest common factor of w and 434?
62
Suppose 3*u = s - 4*s + 12, -u = -2*s - 7. Let b be 0 - s - (-25 - 4). Let r = -2206 - -2236. Calculate the highest common divisor of b and r.
30
Let g(l) = l**3 + 9*l**2 - 4*l + 8. Let a = -366 + 360. Let v be g(a). What is the greatest common factor of v and 35?
35
Let z(o) = -o**2 + 31*o - 62. Let r(h) = 2*h - 1. Let l(j) = -3*r(j) + z(j). Let k be l(21). What is the highest common divisor of k and 300?
25
Let n be ((-2)/6)/((-52668)/442476 - (-4)/34). Calculate the greatest common divisor of n and 9158.
241
Suppose -5*u = 296 - 6846. Calculate the greatest common factor of u and 10.
10
Suppose -2*z - 13*z + 2058 = -2892. Let l be (-537)/(-18) + 1/6. Calculate the highest common divisor of z and l.
30
Suppose -h = h - 80. Let r = 158 + -153. Let f be (6/r + 2)/(16/40). What is the greatest common divisor of h and f?
8
Let c be (19/(-38))/((-1)/(-10)). Let b be ((-8)/12)/((-362)/72 - c). What is the greatest common divisor of b and 32?
8
Suppose -210*x + 8576 + 63874 = -60*x. What is the highest common factor of 391 and x?
23
Suppose -3*s - 3*o - 2*o + 9 = 0, o = 4*s - 12. Let u = -294 + 310. Let b be -3*(3 + -1)*(-8)/u. Calculate the highest common divisor of b and s.
3
Let a(b) = 1 + 7*b - 6 - 13. Let f(i) = i**3 - i**2 - 3*i - 3. Let v be f(3). Let d be a(v). Calculate the greatest common divisor of 36 and d.
12
Let l(o) = 408*o + 131. Let t be l(4). What is the highest common divisor of 215 and t?
43
Let k = 64 + -72. Let h be 2 + 165 + k*6/(-48). What is the highest common divisor of 16 and h?
8
Suppose 0 = -5*t + 4*d + 572, 2*t - 290 = -3*d - 52. What is the highest common divisor of 1798 and t?
58
Let l(q) = 3*q**2 - 118*q - 26. Let a be l(40). Calculate the highest common divisor of a and 1044.
18
Let c be (-28)/2*(-1)/2. Suppose -279*t + 281*t = -3*n + 357, -119 = -n + 5*t. Calculate the highest common factor of n and c.
7
Let w = -559 - -570. What is the greatest common factor of w and 20?
1
Let m(a) = -3*a + 47. Let g be m(15). Suppose -5*f = g*f - 154. Let u be ((2/3)/(-2))/(42/(-2772)). What is the highest common factor of u and f?
22
Let m(o) = -153*o + 20185. Let l be m(105). What is the greatest common factor of 80 and l?
40
Suppose 0 = 4*o - 50 - 102. Suppose -14535 = 941*k - 1026*k. Calculate the highest common factor of k and o.
19
Let i(f) = 8*f + 30. Let c be i(-2). Let y(g) = 22*g - 290. Let r be y(c). Suppose 225 = 8*m - 3*m. Calculate the greatest common divisor of m and r.
9
Suppose 7*f - 18715 = -12*f. What is the greatest common divisor of f and 1379?
197
Let b(x) = -x**3 - x**2 - 3*x + 513. Let g be b(0). What is the greatest common factor of 570 and g?
57
Let w(p) = -p - 3 + p**2 - 4*p + 0*p - p. Let d be w(7). Suppose 5*b + 23 - 75 = -s, -2*s + 52 = -3*b. What is the greatest common factor of d and s?
4
Let d(s) = -s**3 - 2*s**2 + 19*s + 12. Let l be d(-5). Let y = l + 11. Suppose -11 - 13 = -y*w. Calculate the highest common factor of 20 and w.
4
Let r = -693 + 882. What is the greatest common divisor of 441 and r?
63
Suppose -157*o + 2*d + 1266 = -152*o, 1248 = 5*o + 4*d. What is the greatest common factor of o and 540?
36
Suppose -3*q = -o + 6*o - 35, 4*q - 28 = -2*o. Suppose 0 = o*v - 417 + 21. Let h be 11/(-1 + 3 - 1). What is the greatest common divisor of v and h?
11
Let u(n) = -4*n + 121. Let h be u(32). Let l be (-3 + 48/28)*h. What is the highest common factor of l and 99?
9
Let i(t) = -t**3